{"id":16375,"date":"2023-01-12T15:00:44","date_gmt":"2023-01-12T14:00:44","guid":{"rendered":"https:\/\/americansoverseas-org.ont.stuurlui.dev\/french\/services-2\/"},"modified":"2023-02-17T20:50:03","modified_gmt":"2023-02-17T19:50:03","slug":"numero-de-securite-sociale","status":"publish","type":"page","link":"https:\/\/americansoverseas-org.ont.stuurlui.dev\/french\/services\/numero-de-securite-sociale\/","title":{"rendered":"Num\u00e9ro de s\u00e9curit\u00e9 sociale"},"content":{"rendered":"","protected":false},"excerpt":{"rendered":"","protected":false},"author":13,"featured_media":0,"parent":1082,"menu_order":0,"comment_status":"closed","ping_status":"closed","template":"","meta":{"_acf_changed":false,"footnotes":""},"class_list":["post-16375","page","type-page","status-publish","hentry"],"acf":[],"yoast_head":"<!-- This site is optimized with the Yoast SEO plugin v27.6 - https:\/\/yoast.com\/product\/yoast-seo-wordpress\/ -->\n<title>Num\u00e9ro de s\u00e9curit\u00e9 sociale | Americans Overseas<\/title>\n<meta name=\"description\" content=\"Obtenez les informations dont vous avez besoin concernant votre Num\u00e9ro de s\u00e9curit\u00e9 sociale. En savoir plus sur Americans Overseas\" \/>\n<meta name=\"robots\" content=\"noindex, follow, max-snippet:-1, max-image-preview:large, max-video-preview:-1\" \/>\n<meta property=\"og:locale\" content=\"fr_FR\" \/>\n<meta property=\"og:type\" content=\"article\" \/>\n<meta property=\"og:title\" content=\"Num\u00e9ro de s\u00e9curit\u00e9 sociale | Americans Overseas\" \/>\n<meta property=\"og:description\" content=\"Obtenez les informations dont vous avez besoin concernant votre Num\u00e9ro de s\u00e9curit\u00e9 sociale. En savoir plus sur Americans Overseas\" \/>\n<meta property=\"og:url\" content=\"https:\/\/americansoverseas-org.ont.stuurlui.dev\/french\/services\/numero-de-securite-sociale\/\" \/>\n<meta property=\"og:site_name\" content=\"Americans Overseas FR\" \/>\n<meta property=\"article:modified_time\" content=\"2023-02-17T19:50:03+00:00\" \/>\n<meta name=\"twitter:card\" content=\"summary_large_image\" \/>\n<script type=\"application\/ld+json\" class=\"yoast-schema-graph\">{\"@context\":\"https:\\\/\\\/schema.org\",\"@graph\":[{\"@type\":\"WebPage\",\"@id\":\"https:\\\/\\\/americansoverseas-org.ont.stuurlui.dev\\\/french\\\/services\\\/numero-de-securite-sociale\\\/\",\"url\":\"https:\\\/\\\/americansoverseas-org.ont.stuurlui.dev\\\/french\\\/services\\\/numero-de-securite-sociale\\\/\",\"name\":\"Num\u00e9ro de s\u00e9curit\u00e9 sociale | Americans Overseas\",\"isPartOf\":{\"@id\":\"https:\\\/\\\/americansoverseas-org.ont.stuurlui.dev\\\/french\\\/#website\"},\"datePublished\":\"2023-01-12T14:00:44+00:00\",\"dateModified\":\"2023-02-17T19:50:03+00:00\",\"description\":\"Obtenez les informations dont vous avez besoin concernant votre Num\u00e9ro de s\u00e9curit\u00e9 sociale. En savoir plus sur Americans Overseas\",\"breadcrumb\":{\"@id\":\"https:\\\/\\\/americansoverseas-org.ont.stuurlui.dev\\\/french\\\/services\\\/numero-de-securite-sociale\\\/#breadcrumb\"},\"inLanguage\":\"fr-FR\",\"potentialAction\":[{\"@type\":\"ReadAction\",\"target\":[\"https:\\\/\\\/americansoverseas-org.ont.stuurlui.dev\\\/french\\\/services\\\/numero-de-securite-sociale\\\/\"]}]},{\"@type\":\"BreadcrumbList\",\"@id\":\"https:\\\/\\\/americansoverseas-org.ont.stuurlui.dev\\\/french\\\/services\\\/numero-de-securite-sociale\\\/#breadcrumb\",\"itemListElement\":[{\"@type\":\"ListItem\",\"position\":1,\"name\":\"Home\",\"item\":\"https:\\\/\\\/americansoverseas-org.ont.stuurlui.dev\\\/french\\\/\"},{\"@type\":\"ListItem\",\"position\":2,\"name\":\"Services\",\"item\":\"https:\\\/\\\/americansoverseas-org.ont.stuurlui.dev\\\/french\\\/services\\\/\"},{\"@type\":\"ListItem\",\"position\":3,\"name\":\"Num\u00e9ro de s\u00e9curit\u00e9 sociale\"}]},{\"@type\":\"WebSite\",\"@id\":\"https:\\\/\\\/americansoverseas-org.ont.stuurlui.dev\\\/french\\\/#website\",\"url\":\"https:\\\/\\\/americansoverseas-org.ont.stuurlui.dev\\\/french\\\/\",\"name\":\"Americans Overseas FR\",\"description\":\"\",\"potentialAction\":[{\"@type\":\"SearchAction\",\"target\":{\"@type\":\"EntryPoint\",\"urlTemplate\":\"https:\\\/\\\/americansoverseas-org.ont.stuurlui.dev\\\/french\\\/?s={search_term_string}\"},\"query-input\":{\"@type\":\"PropertyValueSpecification\",\"valueRequired\":true,\"valueName\":\"search_term_string\"}}],\"inLanguage\":\"fr-FR\"}]}<\/script>\n<!-- \/ Yoast SEO plugin. -->","yoast_head_json":{"title":"Num\u00e9ro de s\u00e9curit\u00e9 sociale | Americans Overseas","description":"Obtenez les informations dont vous avez besoin concernant votre Num\u00e9ro de s\u00e9curit\u00e9 sociale. En savoir plus sur Americans Overseas","robots":{"index":"noindex","follow":"follow","max-snippet":"max-snippet:-1","max-image-preview":"max-image-preview:large","max-video-preview":"max-video-preview:-1"},"og_locale":"fr_FR","og_type":"article","og_title":"Num\u00e9ro de s\u00e9curit\u00e9 sociale | Americans Overseas","og_description":"Obtenez les informations dont vous avez besoin concernant votre Num\u00e9ro de s\u00e9curit\u00e9 sociale. En savoir plus sur Americans Overseas","og_url":"https:\/\/americansoverseas-org.ont.stuurlui.dev\/french\/services\/numero-de-securite-sociale\/","og_site_name":"Americans Overseas FR","article_modified_time":"2023-02-17T19:50:03+00:00","twitter_card":"summary_large_image","schema":{"@context":"https:\/\/schema.org","@graph":[{"@type":"WebPage","@id":"https:\/\/americansoverseas-org.ont.stuurlui.dev\/french\/services\/numero-de-securite-sociale\/","url":"https:\/\/americansoverseas-org.ont.stuurlui.dev\/french\/services\/numero-de-securite-sociale\/","name":"Num\u00e9ro de s\u00e9curit\u00e9 sociale | Americans Overseas","isPartOf":{"@id":"https:\/\/americansoverseas-org.ont.stuurlui.dev\/french\/#website"},"datePublished":"2023-01-12T14:00:44+00:00","dateModified":"2023-02-17T19:50:03+00:00","description":"Obtenez les informations dont vous avez besoin concernant votre Num\u00e9ro de s\u00e9curit\u00e9 sociale. En savoir plus sur Americans Overseas","breadcrumb":{"@id":"https:\/\/americansoverseas-org.ont.stuurlui.dev\/french\/services\/numero-de-securite-sociale\/#breadcrumb"},"inLanguage":"fr-FR","potentialAction":[{"@type":"ReadAction","target":["https:\/\/americansoverseas-org.ont.stuurlui.dev\/french\/services\/numero-de-securite-sociale\/"]}]},{"@type":"BreadcrumbList","@id":"https:\/\/americansoverseas-org.ont.stuurlui.dev\/french\/services\/numero-de-securite-sociale\/#breadcrumb","itemListElement":[{"@type":"ListItem","position":1,"name":"Home","item":"https:\/\/americansoverseas-org.ont.stuurlui.dev\/french\/"},{"@type":"ListItem","position":2,"name":"Services","item":"https:\/\/americansoverseas-org.ont.stuurlui.dev\/french\/services\/"},{"@type":"ListItem","position":3,"name":"Num\u00e9ro de s\u00e9curit\u00e9 sociale"}]},{"@type":"WebSite","@id":"https:\/\/americansoverseas-org.ont.stuurlui.dev\/french\/#website","url":"https:\/\/americansoverseas-org.ont.stuurlui.dev\/french\/","name":"Americans Overseas FR","description":"","potentialAction":[{"@type":"SearchAction","target":{"@type":"EntryPoint","urlTemplate":"https:\/\/americansoverseas-org.ont.stuurlui.dev\/french\/?s={search_term_string}"},"query-input":{"@type":"PropertyValueSpecification","valueRequired":true,"valueName":"search_term_string"}}],"inLanguage":"fr-FR"}]}},"_links":{"self":[{"href":"https:\/\/americansoverseas-org.ont.stuurlui.dev\/french\/wp-json\/wp\/v2\/pages\/16375","targetHints":{"allow":["GET"]}}],"collection":[{"href":"https:\/\/americansoverseas-org.ont.stuurlui.dev\/french\/wp-json\/wp\/v2\/pages"}],"about":[{"href":"https:\/\/americansoverseas-org.ont.stuurlui.dev\/french\/wp-json\/wp\/v2\/types\/page"}],"author":[{"embeddable":true,"href":"https:\/\/americansoverseas-org.ont.stuurlui.dev\/french\/wp-json\/wp\/v2\/users\/13"}],"replies":[{"embeddable":true,"href":"https:\/\/americansoverseas-org.ont.stuurlui.dev\/french\/wp-json\/wp\/v2\/comments?post=16375"}],"version-history":[{"count":15,"href":"https:\/\/americansoverseas-org.ont.stuurlui.dev\/french\/wp-json\/wp\/v2\/pages\/16375\/revisions"}],"predecessor-version":[{"id":17289,"href":"https:\/\/americansoverseas-org.ont.stuurlui.dev\/french\/wp-json\/wp\/v2\/pages\/16375\/revisions\/17289"}],"up":[{"embeddable":true,"href":"https:\/\/americansoverseas-org.ont.stuurlui.dev\/french\/wp-json\/wp\/v2\/pages\/1082"}],"wp:attachment":[{"href":"https:\/\/americansoverseas-org.ont.stuurlui.dev\/french\/wp-json\/wp\/v2\/media?parent=16375"}],"curies":[{"name":"wp","href":"https:\/\/api.w.org\/{rel}","templated":true}]}}