{"id":16361,"date":"2023-01-12T14:34:20","date_gmt":"2023-01-12T13:34:20","guid":{"rendered":"https:\/\/americansoverseas-org.ont.stuurlui.dev\/french\/services-2\/"},"modified":"2023-02-17T20:51:07","modified_gmt":"2023-02-17T19:51:07","slug":"procedure-simplifiee-de-regularisation-fiscale-volontaire","status":"publish","type":"page","link":"https:\/\/americansoverseas-org.ont.stuurlui.dev\/french\/services\/procedure-simplifiee-de-regularisation-fiscale-volontaire\/","title":{"rendered":"Proc\u00e9dure simplifi\u00e9e de r\u00e9gularisation fiscale volontaire"},"content":{"rendered":"","protected":false},"excerpt":{"rendered":"","protected":false},"author":13,"featured_media":0,"parent":1082,"menu_order":0,"comment_status":"closed","ping_status":"closed","template":"","meta":{"_acf_changed":false,"footnotes":""},"class_list":["post-16361","page","type-page","status-publish","hentry"],"acf":[],"yoast_head":"<!-- This site is optimized with the Yoast SEO plugin v27.5 - https:\/\/yoast.com\/product\/yoast-seo-wordpress\/ -->\n<title>Proc\u00e9dure simplifi\u00e9e de r\u00e9gularisation fiscale volontaire | Americans Oversea<\/title>\n<meta name=\"description\" content=\"Remettez votre vie sur les rails gr\u00e2ce \u00e0 la Proc\u00e9dure simplifi\u00e9e de r\u00e9gularisation fiscale volontaire. En savoir plus sur Americans Overseas\" \/>\n<meta name=\"robots\" content=\"noindex, follow, max-snippet:-1, max-image-preview:large, max-video-preview:-1\" \/>\n<meta property=\"og:locale\" content=\"fr_FR\" \/>\n<meta property=\"og:type\" content=\"article\" \/>\n<meta property=\"og:title\" content=\"Proc\u00e9dure simplifi\u00e9e de r\u00e9gularisation fiscale volontaire | Americans Oversea\" \/>\n<meta property=\"og:description\" content=\"Remettez votre vie sur les rails gr\u00e2ce \u00e0 la Proc\u00e9dure simplifi\u00e9e de r\u00e9gularisation fiscale volontaire. En savoir plus sur Americans Overseas\" \/>\n<meta property=\"og:url\" content=\"https:\/\/americansoverseas-org.ont.stuurlui.dev\/french\/services\/procedure-simplifiee-de-regularisation-fiscale-volontaire\/\" \/>\n<meta property=\"og:site_name\" content=\"Americans Overseas FR\" \/>\n<meta property=\"article:modified_time\" content=\"2023-02-17T19:51:07+00:00\" \/>\n<meta name=\"twitter:card\" content=\"summary_large_image\" \/>\n<script type=\"application\/ld+json\" class=\"yoast-schema-graph\">{\"@context\":\"https:\\\/\\\/schema.org\",\"@graph\":[{\"@type\":\"WebPage\",\"@id\":\"https:\\\/\\\/americansoverseas-org.ont.stuurlui.dev\\\/french\\\/services\\\/procedure-simplifiee-de-regularisation-fiscale-volontaire\\\/\",\"url\":\"https:\\\/\\\/americansoverseas-org.ont.stuurlui.dev\\\/french\\\/services\\\/procedure-simplifiee-de-regularisation-fiscale-volontaire\\\/\",\"name\":\"Proc\u00e9dure simplifi\u00e9e de r\u00e9gularisation fiscale volontaire | Americans Oversea\",\"isPartOf\":{\"@id\":\"https:\\\/\\\/americansoverseas-org.ont.stuurlui.dev\\\/french\\\/#website\"},\"datePublished\":\"2023-01-12T13:34:20+00:00\",\"dateModified\":\"2023-02-17T19:51:07+00:00\",\"description\":\"Remettez votre vie sur les rails gr\u00e2ce \u00e0 la Proc\u00e9dure simplifi\u00e9e de r\u00e9gularisation fiscale volontaire. En savoir plus sur Americans Overseas\",\"breadcrumb\":{\"@id\":\"https:\\\/\\\/americansoverseas-org.ont.stuurlui.dev\\\/french\\\/services\\\/procedure-simplifiee-de-regularisation-fiscale-volontaire\\\/#breadcrumb\"},\"inLanguage\":\"fr-FR\",\"potentialAction\":[{\"@type\":\"ReadAction\",\"target\":[\"https:\\\/\\\/americansoverseas-org.ont.stuurlui.dev\\\/french\\\/services\\\/procedure-simplifiee-de-regularisation-fiscale-volontaire\\\/\"]}]},{\"@type\":\"BreadcrumbList\",\"@id\":\"https:\\\/\\\/americansoverseas-org.ont.stuurlui.dev\\\/french\\\/services\\\/procedure-simplifiee-de-regularisation-fiscale-volontaire\\\/#breadcrumb\",\"itemListElement\":[{\"@type\":\"ListItem\",\"position\":1,\"name\":\"Home\",\"item\":\"https:\\\/\\\/americansoverseas-org.ont.stuurlui.dev\\\/french\\\/\"},{\"@type\":\"ListItem\",\"position\":2,\"name\":\"Services\",\"item\":\"https:\\\/\\\/americansoverseas-org.ont.stuurlui.dev\\\/french\\\/services\\\/\"},{\"@type\":\"ListItem\",\"position\":3,\"name\":\"Proc\u00e9dure simplifi\u00e9e de r\u00e9gularisation fiscale volontaire\"}]},{\"@type\":\"WebSite\",\"@id\":\"https:\\\/\\\/americansoverseas-org.ont.stuurlui.dev\\\/french\\\/#website\",\"url\":\"https:\\\/\\\/americansoverseas-org.ont.stuurlui.dev\\\/french\\\/\",\"name\":\"Americans Overseas FR\",\"description\":\"\",\"potentialAction\":[{\"@type\":\"SearchAction\",\"target\":{\"@type\":\"EntryPoint\",\"urlTemplate\":\"https:\\\/\\\/americansoverseas-org.ont.stuurlui.dev\\\/french\\\/?s={search_term_string}\"},\"query-input\":{\"@type\":\"PropertyValueSpecification\",\"valueRequired\":true,\"valueName\":\"search_term_string\"}}],\"inLanguage\":\"fr-FR\"}]}<\/script>\n<!-- \/ Yoast SEO plugin. -->","yoast_head_json":{"title":"Proc\u00e9dure simplifi\u00e9e de r\u00e9gularisation fiscale volontaire | Americans Oversea","description":"Remettez votre vie sur les rails gr\u00e2ce \u00e0 la Proc\u00e9dure simplifi\u00e9e de r\u00e9gularisation fiscale volontaire. En savoir plus sur Americans Overseas","robots":{"index":"noindex","follow":"follow","max-snippet":"max-snippet:-1","max-image-preview":"max-image-preview:large","max-video-preview":"max-video-preview:-1"},"og_locale":"fr_FR","og_type":"article","og_title":"Proc\u00e9dure simplifi\u00e9e de r\u00e9gularisation fiscale volontaire | Americans Oversea","og_description":"Remettez votre vie sur les rails gr\u00e2ce \u00e0 la Proc\u00e9dure simplifi\u00e9e de r\u00e9gularisation fiscale volontaire. En savoir plus sur Americans Overseas","og_url":"https:\/\/americansoverseas-org.ont.stuurlui.dev\/french\/services\/procedure-simplifiee-de-regularisation-fiscale-volontaire\/","og_site_name":"Americans Overseas FR","article_modified_time":"2023-02-17T19:51:07+00:00","twitter_card":"summary_large_image","schema":{"@context":"https:\/\/schema.org","@graph":[{"@type":"WebPage","@id":"https:\/\/americansoverseas-org.ont.stuurlui.dev\/french\/services\/procedure-simplifiee-de-regularisation-fiscale-volontaire\/","url":"https:\/\/americansoverseas-org.ont.stuurlui.dev\/french\/services\/procedure-simplifiee-de-regularisation-fiscale-volontaire\/","name":"Proc\u00e9dure simplifi\u00e9e de r\u00e9gularisation fiscale volontaire | Americans Oversea","isPartOf":{"@id":"https:\/\/americansoverseas-org.ont.stuurlui.dev\/french\/#website"},"datePublished":"2023-01-12T13:34:20+00:00","dateModified":"2023-02-17T19:51:07+00:00","description":"Remettez votre vie sur les rails gr\u00e2ce \u00e0 la Proc\u00e9dure simplifi\u00e9e de r\u00e9gularisation fiscale volontaire. En savoir plus sur Americans Overseas","breadcrumb":{"@id":"https:\/\/americansoverseas-org.ont.stuurlui.dev\/french\/services\/procedure-simplifiee-de-regularisation-fiscale-volontaire\/#breadcrumb"},"inLanguage":"fr-FR","potentialAction":[{"@type":"ReadAction","target":["https:\/\/americansoverseas-org.ont.stuurlui.dev\/french\/services\/procedure-simplifiee-de-regularisation-fiscale-volontaire\/"]}]},{"@type":"BreadcrumbList","@id":"https:\/\/americansoverseas-org.ont.stuurlui.dev\/french\/services\/procedure-simplifiee-de-regularisation-fiscale-volontaire\/#breadcrumb","itemListElement":[{"@type":"ListItem","position":1,"name":"Home","item":"https:\/\/americansoverseas-org.ont.stuurlui.dev\/french\/"},{"@type":"ListItem","position":2,"name":"Services","item":"https:\/\/americansoverseas-org.ont.stuurlui.dev\/french\/services\/"},{"@type":"ListItem","position":3,"name":"Proc\u00e9dure simplifi\u00e9e de r\u00e9gularisation fiscale volontaire"}]},{"@type":"WebSite","@id":"https:\/\/americansoverseas-org.ont.stuurlui.dev\/french\/#website","url":"https:\/\/americansoverseas-org.ont.stuurlui.dev\/french\/","name":"Americans Overseas FR","description":"","potentialAction":[{"@type":"SearchAction","target":{"@type":"EntryPoint","urlTemplate":"https:\/\/americansoverseas-org.ont.stuurlui.dev\/french\/?s={search_term_string}"},"query-input":{"@type":"PropertyValueSpecification","valueRequired":true,"valueName":"search_term_string"}}],"inLanguage":"fr-FR"}]}},"_links":{"self":[{"href":"https:\/\/americansoverseas-org.ont.stuurlui.dev\/french\/wp-json\/wp\/v2\/pages\/16361","targetHints":{"allow":["GET"]}}],"collection":[{"href":"https:\/\/americansoverseas-org.ont.stuurlui.dev\/french\/wp-json\/wp\/v2\/pages"}],"about":[{"href":"https:\/\/americansoverseas-org.ont.stuurlui.dev\/french\/wp-json\/wp\/v2\/types\/page"}],"author":[{"embeddable":true,"href":"https:\/\/americansoverseas-org.ont.stuurlui.dev\/french\/wp-json\/wp\/v2\/users\/13"}],"replies":[{"embeddable":true,"href":"https:\/\/americansoverseas-org.ont.stuurlui.dev\/french\/wp-json\/wp\/v2\/comments?post=16361"}],"version-history":[{"count":19,"href":"https:\/\/americansoverseas-org.ont.stuurlui.dev\/french\/wp-json\/wp\/v2\/pages\/16361\/revisions"}],"predecessor-version":[{"id":17291,"href":"https:\/\/americansoverseas-org.ont.stuurlui.dev\/french\/wp-json\/wp\/v2\/pages\/16361\/revisions\/17291"}],"up":[{"embeddable":true,"href":"https:\/\/americansoverseas-org.ont.stuurlui.dev\/french\/wp-json\/wp\/v2\/pages\/1082"}],"wp:attachment":[{"href":"https:\/\/americansoverseas-org.ont.stuurlui.dev\/french\/wp-json\/wp\/v2\/media?parent=16361"}],"curies":[{"name":"wp","href":"https:\/\/api.w.org\/{rel}","templated":true}]}}